{"id":4284,"date":"2022-08-05T13:32:12","date_gmt":"2022-08-05T11:32:12","guid":{"rendered":"https:\/\/dorinemansuy.fr\/qualif\/?page_id=4284"},"modified":"2025-03-12T11:03:50","modified_gmt":"2025-03-12T10:03:50","slug":"mentions-legales","status":"publish","type":"page","link":"https:\/\/www.dorinemansuy.fr\/photographe\/mentions-legales\/","title":{"rendered":"Mentions l\u00e9gales"},"content":{"rendered":"\t\t<div data-elementor-type=\"wp-page\" data-elementor-id=\"4284\" class=\"elementor elementor-4284\" data-elementor-post-type=\"page\">\n\t\t\t\t\t\t<section class=\"elementor-section elementor-top-section elementor-element elementor-element-b81da00 elementor-section-full_width elementor-section-stretched elementor-section-height-default elementor-section-height-default\" data-id=\"b81da00\" data-element_type=\"section\" data-e-type=\"section\" data-settings=\"{&quot;stretch_section&quot;:&quot;section-stretched&quot;}\">\n\t\t\t\t\t\t<div class=\"elementor-container elementor-column-gap-default\">\n\t\t\t\t\t<div class=\"elementor-column elementor-col-100 elementor-top-column elementor-element elementor-element-dad9a2d\" data-id=\"dad9a2d\" data-element_type=\"column\" data-e-type=\"column\">\n\t\t\t<div class=\"elementor-widget-wrap elementor-element-populated\">\n\t\t\t\t\t\t<div class=\"elementor-element elementor-element-d53ff16 elementor-widget elementor-widget-text-editor\" data-id=\"d53ff16\" data-element_type=\"widget\" data-e-type=\"widget\" data-widget_type=\"text-editor.default\">\n\t\t\t\t<div class=\"elementor-widget-container\">\n\t\t\t\t\t\t\t\t\t<p>Entreprise : Dorine Mansuy Photographe<\/p><ul><li>Email :\u00a0<a href=\"mailto:photographe@dorinemansuy.fr\" target=\"_blank\" rel=\"noopener noreferrer\">photographe@dorinemansuy.fr<\/a><\/li><li>SIRET : 852 301 605 000 22<\/li><li>Webmaster :\u00a0<a href=\"https:\/\/www.linkedin.com\/in\/adrien-peltier\/\" target=\"_blank\" rel=\"noopener noreferrer\">Adrien Peltier<\/a><\/li><li>H\u00e9bergeur :\u00a0<a href=\"https:\/\/www.ionos.fr\/\" target=\"_blank\" rel=\"noopener noreferrer\">1&amp;1<\/a><\/li><\/ul><h2>\u00a0<\/h2><h2>Propri\u00e9t\u00e9 intellectuelle<\/h2><p>Toutes les images sont la propri\u00e9t\u00e9 exclusive de Dorine Mansuy Photographe<\/p><p>Toutes les images de ce site sont r\u00e9gies par la loi 92-597 du 1er Juillet 1992 sur le code de la propri\u00e9t\u00e9 intellectuelle. Par cons\u00e9quent les photographies ainsi que les textes sont la propri\u00e9t\u00e9 exclusive de Dorine Mansuy Photographe.<br \/>Toute personne utilisant ou reproduisant les textes et les images de ce site, sans accord explicite de leur auteur, s\u2019expose \u00e0 des poursuites judiciaires.<\/p><p>Merci de respecter le travail de la photographe et le droit \u00e0 l\u2019image des personnes photographi\u00e9es.<\/p><p>Conform\u00e9ment \u00e0 l\u2019article L. 122-5 du Code de la propri\u00e9t\u00e9 intellectuelle, les courtes citations du contenu sont autoris\u00e9es, sous r\u00e9serve que soient indiqu\u00e9s clairement le nom de l\u2019auteur et de la source, par un lien vers une des pages de ce site web.<br \/>Merci de contacter la photographe avant toute publication.<\/p>\t\t\t\t\t\t\t\t<\/div>\n\t\t\t\t<\/div>\n\t\t\t\t\t<\/div>\n\t\t<\/div>\n\t\t\t\t\t<\/div>\n\t\t<\/section>\n\t\t\t\t<\/div>\n\t\t","protected":false},"excerpt":{"rendered":"<p>Entreprise : Dorine Mansuy Photographe Email :\u00a0photographe@dorinemansuy.fr SIRET : 852 301 605 000 22 Webmaster :\u00a0Adrien Peltier H\u00e9bergeur :\u00a01&amp;1 \u00a0 Propri\u00e9t\u00e9 intellectuelle Toutes les images sont la propri\u00e9t\u00e9 exclusive de Dorine Mansuy Photographe Toutes les images de ce site sont r\u00e9gies par la loi 92-597 du 1er Juillet 1992 sur le code de la propri\u00e9t\u00e9 [&hellip;]<\/p>\n","protected":false},"author":2,"featured_media":0,"parent":0,"menu_order":0,"comment_status":"closed","ping_status":"closed","template":"","meta":{"inline_featured_image":false,"footnotes":""},"class_list":["post-4284","page","type-page","status-publish","hentry"],"aioseo_notices":[],"_links":{"self":[{"href":"https:\/\/www.dorinemansuy.fr\/photographe\/wp-json\/wp\/v2\/pages\/4284","targetHints":{"allow":["GET"]}}],"collection":[{"href":"https:\/\/www.dorinemansuy.fr\/photographe\/wp-json\/wp\/v2\/pages"}],"about":[{"href":"https:\/\/www.dorinemansuy.fr\/photographe\/wp-json\/wp\/v2\/types\/page"}],"author":[{"embeddable":true,"href":"https:\/\/www.dorinemansuy.fr\/photographe\/wp-json\/wp\/v2\/users\/2"}],"replies":[{"embeddable":true,"href":"https:\/\/www.dorinemansuy.fr\/photographe\/wp-json\/wp\/v2\/comments?post=4284"}],"version-history":[{"count":10,"href":"https:\/\/www.dorinemansuy.fr\/photographe\/wp-json\/wp\/v2\/pages\/4284\/revisions"}],"predecessor-version":[{"id":5511,"href":"https:\/\/www.dorinemansuy.fr\/photographe\/wp-json\/wp\/v2\/pages\/4284\/revisions\/5511"}],"wp:attachment":[{"href":"https:\/\/www.dorinemansuy.fr\/photographe\/wp-json\/wp\/v2\/media?parent=4284"}],"curies":[{"name":"wp","href":"https:\/\/api.w.org\/{rel}","templated":true}]}}